h) = 2*h**2 + 3*h + 6. Let p(r) = -r**2 - 1. Let f(x) = 3*p(x) + t(x). Calculate f(-2).
-7
Suppose 0*k = 5*k + 5. Let b(r) be the second derivative of -r**4/12 + r**3/6 - r. Calculate b(k).
-2
Let x(w) = -8*w + 3. Let g(i) = -9*i + 4. Let r(b) = 6*g(b) - 7*x(b). What is r(-2)?
-1
Let y = -72 + 74. Let d(j) be the first derivative of 2 + 3*j - 1/2*j**y. What is d(0)?
3
Let s(o) be the third derivative of o**5/60 - 5*o**4/12 - 5*o**3/3 - 33*o**2. What is s(10)?
-10
Let f(t) = t - 2. Let u(p) = -4*p + 40. Let z be u(11). Calculate f(z).
-6
Let x = 19 + -17. Let o(m) = m**3 - 3*m**2 + 2*m - 2. Calculate o(x).
-2
Let k = -16 - -18. Suppose 5*u - q = 3, -3*u - 1 = q + 2. Let j(o) = -o + 2 + o**2 + u*o + 0. Calculate j(k).
4
Let d(n) = 2*n**3 + 16*n**2 + 16*n + 5. Let m(p) = p**3 + 8*p**2 + 8*p + 2. Let j(c) = 2*d(c) - 5*m(c). Calculate j(-7).
7
Let i = -13 + 11. Let m(y) = -2*y**3 - 2*y**2 - 2*y - 2. Give m(i).
10
Let f(w) = -w + 7. Let d(m) = -m + 8*m**2 - 12*m**2 + 12*m**2. Let p be d(1). Calculate f(p).
0
Suppose -4*j + 3*r = -6*j, 0 = 5*j - 5*r + 50. Let n(i) = -2*i**2 + 8*i + 11. Let y(q) = -q**2 + 1. Let x(v) = -n(v) + 3*y(v). What is x(j)?
4
Suppose 6*n - 30 = 3*n. Suppose 3*p - 3*r = 27, -5*p - r = r - n. Let i(l) = -l**3 + 3*l**2 + 4. Determine i(p).
-12
Let l(h) = h**3 + 5*h**2 + h + 2. Let i(b) = 2*b**3 + 7*b**2 + b + 3. Let f = 1 - 6. Let s(j) = f*i(j) + 7*l(j). What is s(1)?
-2
Let c(h) be the first derivative of h**3/3 - 7*h**2/2 + h + 7. Calculate c(7).
1
Let u(z) = -z**2 + 7*z + 4. Let k = 4 - -3. Let w be u(k). Let f(j) = j + j**3 + 0*j**2 - 7 - w*j**2 + 0*j - j**2. Give f(5).
-2
Let d(o) = -o**3 - 6*o**2 + o - 1. Let w be (-4)/5*15/2. Calculate d(w).
-7
Let y(n) = n**3 + 9*n**2 + 9*n + 12. Let u be (-123)/15 + (-6)/(-30). Calculate y(u).
4
Let m(h) = 2*h**2 + 5*h + 13. Let w(k) = k**2 + 3*k + 6. Let u(a) = -2*m(a) + 5*w(a). Calculate u(-3).
-2
Let i(d) = d**2 + 2*d + 6. Let a(r) = 3*r**2 - 2*r**2 + 7*r + 18 - 6*r**2 + 8*r**2. Let c(m) = 6*a(m) - 17*i(m). Calculate c(-5).
-9
Let g be (-1)/(-1)*1/1. Let f(q) = g + 3*q - q - q + 2*q**3 - 3*q**2 + q. What is f(2)?
9
Let f(t) = 3*t**2 + 6*t + 0*t**3 + 3*t**2 - t**3 + 5. Let s be f(7). Let b(w) = 3*w**2 + w + 2. Give b(s).
12
Let u(a) = -a**2 - 3*a + 2. Let z = -2 - -5. Suppose -4*g = k + 2*k - 1, -2*g + z = k. Let o = g + -7. Determine u(o).
2
Let u(n) = n**2 - n - 5. Let x(m) = -m**2 - 7*m - 6. Let a be x(-6). Suppose a = -k - 3*k. Determine u(k).
-5
Let n(j) = 2*j. Suppose 8 + 16 = -3*k. Let c be (-1)/(-4) + (-22)/k. Suppose -4 = c*r - 1. What is n(r)?
-2
Let y(s) = -s**2 - s + 1. Let v(m) = m**3 + 9*m - 10. Let g(b) = -v(b) - 3*y(b). Let p(t) = 2*t**3 - 5*t**2 + 12*t - 15. Let d(x) = 9*g(x) + 4*p(x). Give d(6).
3
Let c(m) = m + 12. Let a be c(-10). Suppose 2*b + 3*y - 6*y = -8, -5 = b - a*y. Let s(d) = -2*d**2 + d. Determine s(b).
-3
Let f(c) be the third derivative of -c**5/60 + c**4/4 - c**3/6 - 13*c**2. Suppose -g + 8 = -2*a, -g + 4*g + a - 17 = 0. Give f(g).
-1
Let x(p) be the second derivative of p**5/20 - 5*p**4/4 - p**3/6 + 9*p**2 + 5*p. Let w be x(15). Let q(r) = -2*r**3 + 4*r**2 + 2. Give q(w).
-16
Let q(z) = -z - 1. Suppose b - 4*a - 11 = 0, 3*a - 13 = -b + 8*a. Determine q(b).
-4
Let r be (4/2)/(6/9). Suppose -5*u = -2*a - 4, r*u = 4*a - 0*u + 8. Let c(k) = -4*k - 2. What is c(a)?
6
Let y be (-3)/(-6) + (-9)/(-2). Let d(h) = h**3 - 4*h**2 - 5*h + 4. Let r be d(y). Let g(t) = -487*t**3 - 5*t**2 + 6*t - 5 - t + 488*t**3. Give g(r).
-1
Let f(w) be the second derivative of -w**5/5 + w**4/12 - w**3/6 - w**2/2 - 22*w. Calculate f(-1).
5
Let x = -8 - -10. Let s(p) be the second derivative of p**4/6 + 11*p. Determine s(x).
8
Let b = 8 + -8. Let y(j) = -j**3 - 2. Calculate y(b).
-2
Let u(x) = x**2 + x. Let d be u(-2). Let l(j) = -j**2 - j + 1. Let g(i) = -5*i**2 - 5*i + 5. Let w(c) = d*g(c) - 11*l(c). Suppose 0*a = -3*a - 9. Give w(a).
5
Let k(m) be the third derivative of m**5/60 - m**4/4 + 2*m**3/3 - 6*m**2. Calculate k(5).
-1
Let b(h) = h - 2. Let x(t) = -2*t**2 + t - 1. Let g be x(2). Let r(k) = k**3 - 6*k**2 - 8*k - 4. Let d be r(7). Let z = d - g. Calculate b(z).
-6
Suppose 2*o = 3*o + t - 5, -4*o + 16 = 5*t. Let x(u) = 2*u - 13. Let j be x(o). Let v(f) = -f - 4. Determine v(j).
-9
Let x(o) = o + 2*o + 3*o + o**2 + 5. Let y be (-18)/(-15)*(-20)/6. Give x(y).
-3
Suppose 58 = -9*a - 23. Let b(q) = q**3 + 9*q**2 + 3. Determine b(a).
3
Suppose -n = 4*p + 7, -2*p + 5*p + 4*n = 11. Let w = p - -6. Let b(a) = 0*a - a + 3*a - w. Give b(4).
5
Let t be 40/6 + (-4)/6. Let l(q) = -q**2 + 6*q - 6. Give l(t).
-6
Let t = -20 + 9. Let w = t + 6. Let g(a) = a + 2. Give g(w).
-3
Let s(c) be the second derivative of c**3/3 - c**2/2 - 20*c + 1. Give s(-2).
-5
Let l(h) be the second derivative of -h**5/20 - h**4/6 - h**3/2 - h**2/2 - 7*h. Calculate l(-2).
5
Let f(s) = -s**2 + 5*s - 1. Let b = -3 + 3. Suppose b = -2*v + 6*v - 16. Suppose -5*i - 3*n = -21, v*n - 2 = -2*i + 4*i. Determine f(i).
5
Let v(l) = 4*l**2 + 1. Suppose b = -4*b - 5. Let g be v(b). Let s(k) = k**3 - 6*k**2 + 5*k - 5. Give s(g).
-5
Let z be 3/(-1) - 2/1. Let k(c) = -c**2 - 10*c + 7. Let i(x) = x**2 + 9*x - 6. Let p(r) = -4*i(r) - 3*k(r). Give p(z).
8
Let w(n) = n**2 + n - 1. Let l(g) = g - 11. Let y be l(12). Determine w(y).
1
Let b be (16/10)/((-4)/(-10)). Suppose 0 = -0*x - b*x + 48. Suppose -i = -4*i - x. Let n(j) = -j**2 - 4*j + 4. Calculate n(i).
4
Let s(w) = 11*w + 7 + 3 - 3. Let f(r) = -4*r - 2. Let z(h) = 8*f(h) + 3*s(h). Determine z(-4).
1
Let y(g) be the first derivative of -4/3*g**3 + 1/4*g**4 + 2*g + g**2 - 6. Determine y(2).
-2
Let r(a) = a**2 + 2. Let h = 7 + -6. Let y = 5 - h. Suppose n + y*n - 25 = 0, 19 = 3*i + 5*n. Calculate r(i).
6
Let d(q) = -2*q + 3. Suppose -3*p + 32 - 23 = 0. What is d(p)?
-3
Let f(q) = -q - 5. Let g be (-3)/12 - 114/(-8). Let y(r) = -4*r - 14. Let s(d) = g*f(d) - 5*y(d). Give s(2).
12
Suppose b - 4 = -3*b. Let r(f) = -6*f**3 + 7*f**2 - 2*f + 1. Let c(i) = -6*i**3 + 6*i**2 - 2*i + 1. Let o(u) = -6*c(u) + 5*r(u). What is o(b)?
6
Let h(d) = -d**2 - 2*d - 4. Suppose v = 1 + 1. Let j be (v/(-1) + 5)*-1. Give h(j).
-7
Let r(l) = -3 - 4 + l + 5. Let p(o) = -2*o + 3. Suppose 4*d + 3*i + 0*i - 15 = 0, -4 = -4*i. Let s(b) = d*r(b) + 2*p(b). What is s(-2)?
2
Let s(i) = -2*i**3 - 2*i**2 - 3*i - 1. Let o = 12 - 14. What is s(o)?
13
Let r(b) = -4*b - 1. Let c(i) be the first derivative of -i**4/4 + i**3 + i**2 - 4*i + 1. Let z = -18 + 21. Let a be c(z). Determine r(a).
-9
Suppose 3*n - 12 = 6*n. Let l(g) = 7543 + g**3 + 5*g**2 + 5*g - 7543. Give l(n).
-4
Let q(f) = -f**2 + 4*f + 8. Let t(a) = a + 4. Let b be t(2). Determine q(b).
-4
Let z(w) = w**2 + w + 1. Let f be (-14)/(-4)*12/21. What is z(f)?
7
Let m(i) = i + 15. Let z be m(-11). Let q(p) = p**2 - p - 5. Give q(z).
7
Let x be (0 - (-6)/3) + -5. Let d(l) = l - 2. What is d(x)?
-5
Let i(z) = 4*z - 48 + 23 + 26. Give i(-3).
-11
Suppose -m = -5 + 2. Let h(i) = 3*i - m*i**2 + i**2 - 7*i - 1. Let g be (40/(-12) + 3)*9. Determine h(g).
-7
Let f be 2 - (0 + 1)*4. Suppose -12 = k - 5*k. Let s(g) = -g**k - 2 + 2 - 1. Calculate s(f).
7
Let t(x) = x**3 + 4*x**2 - 5*x + 3. Let f be t(-5). Suppose 0 = 4*m - 7*m - f. Let r = m - -2. Let q(l) = 5*l**2 - 1. Give q(r).
4
Let r(j) be the second derivative of -j**5/20 + j**4/6 + j**3/3 + j**2/2 + 25*j - 8. Let n(h) = -h**2 - 6*h - 3. Let g be n(-5). What is r(g)?
5
Let x(t) = t. Let c be x(-6). Let g be 0*(-3 - c/3). Let p(r) = r**3 - r**2 + r + 1. Determine p(g).
1
Let x = 0 + 12. Suppose 2*b + b + f = x, -4*b + 4*f = -16. Let y(v) be the third derivative of -v**5/60 + v**4/24 + v**3/2 - v**2. Determine y(b).
-9
Let b = -1 - -3. Let g(w) = b - 3*w - 6 + 6 - w**3 + 3*w**2 + 8*w. Determine g(4).
6
Let x(h) = h**2 + 3*h - 2. Let g be x(-4). Let v(i) = 5*i + g*i + 3 - 6*i. Give v(-4).
-1
Let r(z) = -z**3 + 8*z**2 - 6*z - 9. Let c be r(7). Let w(s) = 2*s**2 + s - 2. Let u be w(c). Let m(o) = u*o + 0 + 3*o**2 - 11 - 2*o**2 + 3. Give m(-6).
4
Let r(p) be the first derivative of -p**5/20 - 7*p**4/12 - 7*p**3/6 + 2*p + 2. Let k(q) be the first derivative of r(q). What is k(-6)?
6
Suppose 2*z = 4*z - 2. Let j(d) = -d**3 + 0*d**3 + 0*d**3 + 0*d - 2*d + 2*d**2 + z. Determine j(2).
-3
Let w(f) be the third derivative of -